{"id":767,"date":"2023-08-11T16:00:52","date_gmt":"2023-08-11T14:00:52","guid":{"rendered":"http:\/\/gioia-studio.com\/?page_id=767"},"modified":"2025-07-14T14:27:28","modified_gmt":"2025-07-14T12:27:28","slug":"767-2","status":"publish","type":"page","link":"https:\/\/gioia-studio.com\/index.php\/767-2\/","title":{"rendered":"BLOG"},"content":{"rendered":"<p>[et_pb_section fb_built=&#8221;1&#8243; _builder_version=&#8221;4.27.4&#8243; _module_preset=&#8221;default&#8221; background_image=&#8221;https:\/\/gioia-studio.com\/wp-content\/uploads\/2023\/12\/BLACK-NOVEMBER-13.png&#8221; custom_margin=&#8221;||||false|false&#8221; custom_margin_tablet=&#8221;200px||||false|false&#8221; custom_margin_phone=&#8221;200px||||false|false&#8221; custom_margin_last_edited=&#8221;on|phone&#8221; custom_padding=&#8221;||||false|false&#8221; hover_enabled=&#8221;0&#8243; global_colors_info=&#8221;{}&#8221; sticky_enabled=&#8221;0&#8243;][et_pb_row _builder_version=&#8221;4.27.4&#8243; _module_preset=&#8221;default&#8221; custom_margin=&#8221;||||false|false&#8221; hover_enabled=&#8221;0&#8243; global_colors_info=&#8221;{}&#8221; sticky_enabled=&#8221;0&#8243;][et_pb_column type=&#8221;4_4&#8243; _builder_version=&#8221;4.21.0&#8243; _module_preset=&#8221;default&#8221; global_colors_info=&#8221;{}&#8221;][et_pb_text _builder_version=&#8221;4.27.4&#8243; _module_preset=&#8221;default&#8221; header_4_font=&#8221;Lato|700|||||||&#8221; header_4_text_color=&#8221;#FFFFFF&#8221; header_4_font_size=&#8221;14px&#8221; custom_margin=&#8221;||||false|false&#8221; custom_margin_tablet=&#8221;-376px||7px||false|false&#8221; custom_margin_phone=&#8221;-376px||7px||false|false&#8221; custom_margin_last_edited=&#8221;on|desktop&#8221; hover_enabled=&#8221;0&#8243; global_colors_info=&#8221;{}&#8221; sticky_enabled=&#8221;0&#8243;]<\/p>\n<h4 style=\"text-align: center;\">BLOG<\/h4>\n<p>[\/et_pb_text][et_pb_text _builder_version=&#8221;4.23&#8243; _module_preset=&#8221;default&#8221; header_font=&#8221;Playfair Display||||||||&#8221; header_text_color=&#8221;#FFFFFF&#8221; header_font_size=&#8221;57px&#8221; custom_margin=&#8221;||17px|||&#8221; header_font_size_tablet=&#8221;57px&#8221; header_font_size_phone=&#8221;51px&#8221; header_font_size_last_edited=&#8221;on|phone&#8221; global_colors_info=&#8221;{}&#8221;]<\/p>\n<h1 style=\"text-align: center;\">BLOG<\/h1>\n<p>[\/et_pb_text][\/et_pb_column][\/et_pb_row][\/et_pb_section][et_pb_section fb_built=&#8221;1&#8243; _builder_version=&#8221;4.23&#8243; _module_preset=&#8221;default&#8221; global_colors_info=&#8221;{}&#8221;][et_pb_row _builder_version=&#8221;4.23&#8243; _module_preset=&#8221;default&#8221; global_colors_info=&#8221;{}&#8221;][et_pb_column type=&#8221;4_4&#8243; _builder_version=&#8221;4.23&#8243; _module_preset=&#8221;default&#8221; global_colors_info=&#8221;{}&#8221;][et_pb_text _builder_version=&#8221;4.23&#8243; _module_preset=&#8221;default&#8221; header_2_font=&#8221;Playfair Display||||||||&#8221; header_2_text_color=&#8221;#b28735&#8243; header_2_letter_spacing=&#8221;1px&#8221; header_2_line_height=&#8221;1.3em&#8221; global_colors_info=&#8221;{}&#8221;]<\/p>\n<h2>Explorez notre blog pour trouver une mine de conseils et de sujets passionnants autour de la beaut\u00e9, votre source incontournable pour tout ce qui concerne l&#8217;art de se sublimer !<\/h2>\n<p>[\/et_pb_text][\/et_pb_column][\/et_pb_row][\/et_pb_section][et_pb_section fb_built=&#8221;1&#8243; _builder_version=&#8221;4.21.0&#8243; _module_preset=&#8221;default&#8221; global_colors_info=&#8221;{}&#8221;][et_pb_row _builder_version=&#8221;4.21.0&#8243; _module_preset=&#8221;default&#8221; global_colors_info=&#8221;{}&#8221;][et_pb_column type=&#8221;4_4&#8243; _builder_version=&#8221;4.21.0&#8243; _module_preset=&#8221;default&#8221; global_colors_info=&#8221;{}&#8221;][et_pb_blog posts_number=&#8221;6&#8243; _builder_version=&#8221;4.21.0&#8243; _module_preset=&#8221;1813f3e4-d7f7-4b2f-a4e6-16d4c6e898dd&#8221; locked=&#8221;off&#8221; global_colors_info=&#8221;{%22gcid-593669bf-7b77-45f1-89ce-cfe13309ccf8%22:%91%22text_text_color%22,%22body_text_color%22,%22pagination_text_color%22%93,%22gcid-97182601-61ab-4626-954a-29b0757ae92a%22:%91%22meta_text_color%22%93}&#8221;][\/et_pb_blog][\/et_pb_column][\/et_pb_row][\/et_pb_section][et_pb_section fb_built=&#8221;1&#8243; _builder_version=&#8221;4.23&#8243; _module_preset=&#8221;default&#8221; background_image=&#8221;https:\/\/gioia-studio.com\/wp-content\/uploads\/2023\/11\/Design-sans-titre-3.jpg&#8221; global_colors_info=&#8221;{}&#8221;][et_pb_row column_structure=&#8221;1_3,1_3,1_3&#8243; _builder_version=&#8221;4.21.0&#8243; _module_preset=&#8221;default&#8221; global_colors_info=&#8221;{}&#8221;][et_pb_column type=&#8221;1_3&#8243; _builder_version=&#8221;4.21.0&#8243; _module_preset=&#8221;default&#8221; global_colors_info=&#8221;{}&#8221;][et_pb_image src=&#8221;https:\/\/gioia-studio.com\/wp-content\/uploads\/2023\/11\/14.png&#8221; disabled_on=&#8221;on|on|off&#8221; _builder_version=&#8221;4.23&#8243; _module_preset=&#8221;default&#8221; custom_margin=&#8221;|||-187px|false|false&#8221; custom_padding=&#8221;|||0px|false|false&#8221; global_colors_info=&#8221;{}&#8221;][\/et_pb_image][\/et_pb_column][et_pb_column type=&#8221;1_3&#8243; _builder_version=&#8221;4.21.0&#8243; _module_preset=&#8221;default&#8221; global_colors_info=&#8221;{}&#8221;][et_pb_signup provider=&#8221;mailerlite&#8221; mailerlite_list=&#8221;add_new_account&#8221; mailerlite_account_name=&#8221;GIOI\u0100 STUDIO&#8221; mailerlite_api_key=&#8221;eyJ0eXAiOiJKV1QiLCJhbGciOiJSUzI1NiJ9.eyJhdWQiOiI0IiwianRpIjoiNDczNzQzZDU0NzVhZjE1ZTllMzZmNTBmNmM1YzMxMmJiZTBjOWFiYjgxODRmOTliMTViMjVkOTg3NTcwMWYyNTUyZjczZTA3ODI3NmRlNGYiLCJpYXQiOjE3MDI4NTAyNDYuOTAwOTQzLCJuYmYiOjE3MDI4NTAyNDYuOTAwOTQ1LCJleHAiOjQ4NTg1MjM4NDYuODk2NjY4LCJzdWIiOiI3NTYyMTIiLCJzY29wZXMiOltdfQ.JjeMnsJ6H1to6z7QkVpkYI9Mqgtbp47O7gNil7YTvlgdjwcaU9_ytZzkakQlNlnt55RTXKXCXtquB2EyTooAtOobM5y6zo6C292YpCj4m-hcLKWjz2HVS-bxI8qoLh1xs8u6nKXznvyLMLV2C6zWGJ5WlSKY-U7HR0Xqr8b8GasSQxzi3urj8OWz7Ve73QAxGmM3CdPWsMoAbBQSyhvfR-FpdHl45kb5i-dTVToUTfjfznTlclIOz3SAUIMNy_jEiOkk8GAmbS7VNLMua1CWX2kI8SyQwuRCyUIoPj8Lq0Yl5hI65aQxFYd1XG9g69654s4jFzO9de0MHH4drUq_YBS9WzqSlp2A6jU2QIS09EUZVQGgwJ7CPaJlCb31Lo9AEkybMTgTAl_Izvxb4IMlT3Dwg_uiYtnWmlhW3JKzGuqOyP07i3iVwAPxE7GlLcZxZvUpmMFTtL6x5PigUabLtWcNEWTYeC5AQHIYiAFJkFzPxSjYsRjp3mzeZ3MaTEUgaObYHM2hqEu3qOF0Oh1IEapV8nQDUi2UR7F0PFu2dG1VdbFNp8Xe-Kru1m9y4QKplZoCbKGDbxudsemXm9NV14IZeAjACgcrso93SeCBG4PfH49xBUL28LJi7b7v9OKquQAc-QiDDhHEEb-0PkVmLyztndagPU2-B9gmQsFC5k4&#8243; success_message=&#8221;Votre inscription \u00e0 bien \u00e9t\u00e9 r\u00e9alis\u00e9e !&#8221; title=&#8221;REJOIGNEZ LA COMMUNAUT\u00c9 DU STUDIO ! &#8221; button_text=&#8221;S&#8217;ABONNER&#8221; description=&#8221;<\/p>\n<p>Vous souhaitez connaitre toute notre actualit\u00e9 ?<\/p>\n<p>&#8221; use_spam_service=&#8221;on&#8221; _builder_version=&#8221;4.23&#8243; _module_preset=&#8221;default&#8221; header_font=&#8221;Playfair Display||||||||&#8221; header_text_color=&#8221;#b28735&#8243; header_font_size=&#8221;19px&#8221; body_text_color=&#8221;#b28735&#8243; background_enable_color=&#8221;off&#8221; custom_button=&#8221;on&#8221; button_text_color=&#8221;#FFFFFF&#8221; button_bg_color=&#8221;#b28735&#8243; button_border_width=&#8221;0px&#8221; button_border_radius=&#8221;0px&#8221; transform_scale_tablet=&#8221;&#8221; transform_scale_phone=&#8221;&#8221; transform_scale_last_edited=&#8221;on|tablet&#8221; transform_translate_tablet=&#8221;&#8221; transform_translate_phone=&#8221;&#8221; transform_translate_last_edited=&#8221;on|desktop&#8221; transform_rotate_tablet=&#8221;&#8221; transform_rotate_phone=&#8221;&#8221; transform_rotate_last_edited=&#8221;on|desktop&#8221; transform_skew_tablet=&#8221;&#8221; transform_skew_phone=&#8221;&#8221; transform_skew_last_edited=&#8221;on|desktop&#8221; transform_origin_tablet=&#8221;&#8221; transform_origin_phone=&#8221;&#8221; transform_origin_last_edited=&#8221;on|desktop&#8221; transform_styles_last_edited=&#8221;on|tablet&#8221; text_orientation=&#8221;center&#8221; custom_margin=&#8221;|-111px||-111px|false|true&#8221; custom_margin_tablet=&#8221;|0px||0px|false|true&#8221; custom_margin_phone=&#8221;|0px||0px|false|true&#8221; custom_margin_last_edited=&#8221;on|desktop&#8221; custom_padding=&#8221;||||false|true&#8221; transform_styles_tablet=&#8221;&#8221; transform_styles_phone=&#8221;&#8221; global_colors_info=&#8221;{}&#8221;][\/et_pb_signup][\/et_pb_column][et_pb_column type=&#8221;1_3&#8243; _builder_version=&#8221;4.21.0&#8243; _module_preset=&#8221;default&#8221; global_colors_info=&#8221;{}&#8221;][et_pb_image src=&#8221;https:\/\/gioia-studio.com\/wp-content\/uploads\/2023\/11\/13.png&#8221; disabled_on=&#8221;on|on|off&#8221; _builder_version=&#8221;4.23&#8243; _module_preset=&#8221;default&#8221; custom_margin=&#8221;|-184px|||false|false&#8221; custom_padding=&#8221;||||false|false&#8221; global_colors_info=&#8221;{}&#8221;][\/et_pb_image][\/et_pb_column][\/et_pb_row][\/et_pb_section][et_pb_section fb_built=&#8221;1&#8243; _builder_version=&#8221;4.27.4&#8243; _module_preset=&#8221;default&#8221; background_color=&#8221;#f3efe5&#8243; use_background_color_gradient=&#8221;on&#8221; background_color_gradient_stops=&#8221;#b29c7b 0%|#c2b19c 39%|#d4c5af 74%|#f4f1eb 100%&#8221; custom_margin=&#8221;|0px||0px|true|true&#8221; bottom_divider_color=&#8221;#FFFFFF&#8221; animation_style=&#8221;slide&#8221; hover_enabled=&#8221;0&#8243; border_radii=&#8221;on|9px|9px|9px|9px&#8221; box_shadow_style=&#8221;preset3&#8243; global_colors_info=&#8221;{}&#8221; sticky_enabled=&#8221;0&#8243; locked=&#8221;off&#8221;][et_pb_row _builder_version=&#8221;4.21.0&#8243; _module_preset=&#8221;default&#8221; custom_margin=&#8221;-33px|auto||auto||&#8221; global_colors_info=&#8221;{}&#8221;][et_pb_column type=&#8221;4_4&#8243; _builder_version=&#8221;4.21.0&#8243; _module_preset=&#8221;default&#8221; global_colors_info=&#8221;{}&#8221;][et_pb_text _builder_version=&#8221;4.27.4&#8243; _module_preset=&#8221;default&#8221; header_2_font=&#8221;Playfair Display||||||||&#8221; header_2_text_color=&#8221;#FFFFFF&#8221; header_4_font=&#8221;Lato|700||on|||||&#8221; header_4_text_align=&#8221;center&#8221; header_4_text_color=&#8221;#FFFFFF&#8221; header_4_font_size=&#8221;14px&#8221; global_colors_info=&#8221;{}&#8221;]<\/p>\n<h4>APPOINTMENT<\/h4>\n<h2 style=\"text-align: center;\">Prendre rendez-vous<\/h2>\n<p>[\/et_pb_text][\/et_pb_column][\/et_pb_row][et_pb_row column_structure=&#8221;1_4,1_4,1_4,1_4&#8243; _builder_version=&#8221;4.27.4&#8243; _module_preset=&#8221;default&#8221; hover_enabled=&#8221;0&#8243; global_colors_info=&#8221;{}&#8221; sticky_enabled=&#8221;0&#8243;][et_pb_column type=&#8221;1_4&#8243; _builder_version=&#8221;4.21.0&#8243; _module_preset=&#8221;default&#8221; global_colors_info=&#8221;{}&#8221;][et_pb_icon font_icon=&#8221;&#xe01d;||divi||400&#8243; icon_color=&#8221;#FFFFFF&#8221; icon_width=&#8221;50px&#8221; _builder_version=&#8221;4.27.4&#8243; _module_preset=&#8221;default&#8221; hover_enabled=&#8221;0&#8243; global_colors_info=&#8221;{}&#8221; sticky_enabled=&#8221;0&#8243;][\/et_pb_icon][et_pb_text _builder_version=&#8221;4.27.4&#8243; _module_preset=&#8221;default&#8221; text_text_color=&#8221;#FFFFFF&#8221; header_4_font=&#8221;Playfair Display|500|||||||&#8221; header_4_text_align=&#8221;center&#8221; header_4_text_color=&#8221;#FFFFFF&#8221; header_4_font_size=&#8221;19px&#8221; hover_enabled=&#8221;0&#8243; global_colors_info=&#8221;{}&#8221; sticky_enabled=&#8221;0&#8243; text_font=&#8221;Lato||||||||&#8221; text_font_size=&#8221;16px&#8221;]<\/p>\n<h4 style=\"text-align: center;\">Adresse<\/h4>\n<p style=\"text-align: center;\"><span class=\"LrzXr\">Av. de la R\u00e9publique, <\/span><span class=\"LrzXr\">62950 Noyelles-Godault<\/span><\/p>\n<p>[\/et_pb_text][\/et_pb_column][et_pb_column type=&#8221;1_4&#8243; _builder_version=&#8221;4.21.0&#8243; _module_preset=&#8221;default&#8221; global_colors_info=&#8221;{}&#8221;][et_pb_icon font_icon=&#8221;&#xf879;||fa||900&#8243; icon_color=&#8221;#FFFFFF&#8221; icon_width=&#8221;50px&#8221; _builder_version=&#8221;4.27.4&#8243; _module_preset=&#8221;default&#8221; hover_enabled=&#8221;0&#8243; global_colors_info=&#8221;{}&#8221; sticky_enabled=&#8221;0&#8243;][\/et_pb_icon][et_pb_text _builder_version=&#8221;4.27.4&#8243; _module_preset=&#8221;default&#8221; header_4_font=&#8221;Playfair Display|500|||||||&#8221; header_4_text_align=&#8221;center&#8221; header_4_text_color=&#8221;#FFFFFF&#8221; header_4_font_size=&#8221;19px&#8221; hover_enabled=&#8221;0&#8243; global_colors_info=&#8221;{}&#8221; sticky_enabled=&#8221;0&#8243; text_font=&#8221;Lato||||||||&#8221; text_text_color=&#8221;#FFFFFF&#8221; text_font_size=&#8221;16px&#8221; link_font=&#8221;Lato|&#8211;et_global_heading_font_weight|||on||||&#8221; link_text_color=&#8221;#FFFFFF&#8221;]<\/p>\n<h4 style=\"text-align: center;\">T\u00e9l\u00e9phone<\/h4>\n<p style=\"text-align: center;\">T\u00e9l : <a data-dtype=\"d3ph\" data-local-attribute=\"d3ph\" jscontroller=\"LWZElb\" href=\"tel:+33321494283\" jsdata=\"QKGTRc;_;Bw7Ajg\" jsaction=\"rcuQ6b:npT2md;F75qrd\" data-ved=\"2ahUKEwi0lcT628CAAxWqQaQEHTxRBKoQkAgoAHoECEEQAw\"><span aria-label=\"Appeler le 03 21 49 42 83\">03 21 49 42 83<\/span><\/a><\/p>\n<p>[\/et_pb_text][\/et_pb_column][et_pb_column type=&#8221;1_4&#8243; _builder_version=&#8221;4.21.0&#8243; _module_preset=&#8221;default&#8221; global_colors_info=&#8221;{}&#8221;][et_pb_icon font_icon=&#8221;&#x7d;||divi||400&#8243; icon_color=&#8221;#FFFFFF&#8221; icon_width=&#8221;50px&#8221; _builder_version=&#8221;4.27.4&#8243; _module_preset=&#8221;default&#8221; hover_enabled=&#8221;0&#8243; global_colors_info=&#8221;{}&#8221; sticky_enabled=&#8221;0&#8243;][\/et_pb_icon][et_pb_text _builder_version=&#8221;4.27.4&#8243; _module_preset=&#8221;default&#8221; header_4_font=&#8221;Playfair Display|500|||||||&#8221; header_4_text_align=&#8221;center&#8221; header_4_text_color=&#8221;#FFFFFF&#8221; header_4_font_size=&#8221;19px&#8221; hover_enabled=&#8221;0&#8243; global_colors_info=&#8221;{}&#8221; sticky_enabled=&#8221;0&#8243; text_font=&#8221;Lato||||||||&#8221; text_text_color=&#8221;#FFFFFF&#8221; text_font_size=&#8221;16px&#8221;]<\/p>\n<h4 style=\"text-align: center;\">Horaires<\/h4>\n<p style=\"text-align: center;\">Lun- Sam : 9:30 &#8211; 20: 00<\/p>\n<p>[\/et_pb_text][et_pb_text _builder_version=&#8221;4.27.4&#8243; _module_preset=&#8221;default&#8221; text_text_color=&#8221;#FFFFFF&#8221; text_line_height=&#8221;0.7em&#8221; custom_padding=&#8221;|0px||||&#8221; hover_enabled=&#8221;0&#8243; global_colors_info=&#8221;{}&#8221; sticky_enabled=&#8221;0&#8243;][\/et_pb_text][\/et_pb_column][et_pb_column type=&#8221;1_4&#8243; _builder_version=&#8221;4.21.0&#8243; _module_preset=&#8221;default&#8221; global_colors_info=&#8221;{}&#8221;][et_pb_icon font_icon=&#8221;&#xe023;||divi||400&#8243; icon_color=&#8221;#FFFFFF&#8221; icon_width=&#8221;50px&#8221; _builder_version=&#8221;4.27.4&#8243; _module_preset=&#8221;default&#8221; hover_enabled=&#8221;0&#8243; global_colors_info=&#8221;{}&#8221; sticky_enabled=&#8221;0&#8243;][\/et_pb_icon][et_pb_text _builder_version=&#8221;4.23&#8243; _module_preset=&#8221;default&#8221; text_text_color=&#8221;#FFFFFF&#8221; header_4_font=&#8221;Playfair Display||||||||&#8221; header_4_text_color=&#8221;#FFFFFF&#8221; header_4_font_size=&#8221;19px&#8221; global_colors_info=&#8221;{}&#8221;]<\/p>\n<h4 style=\"text-align: center;\">R\u00e9servations<\/h4>\n<p>[\/et_pb_text][et_pb_button button_url=&#8221;https:\/\/www.planity.com\/gioia-studio-62950-noyelles-godault&#8221; button_text=&#8221;PRENDRE RDV&#8221; button_alignment=&#8221;center&#8221; _builder_version=&#8221;4.23&#8243; _module_preset=&#8221;default&#8221; custom_button=&#8221;on&#8221; button_text_size=&#8221;13px&#8221; button_text_color=&#8221;#ed6f24&#8243; button_bg_color=&#8221;#FFFFFF&#8221; button_border_width=&#8221;0px&#8221; button_border_radius=&#8221;0px&#8221; global_colors_info=&#8221;{}&#8221;][\/et_pb_button][\/et_pb_column][\/et_pb_row][\/et_pb_section]<\/p>\n","protected":false},"excerpt":{"rendered":"<p>BLOGBLOGExplorez notre blog pour trouver une mine de conseils et de sujets passionnants autour de la beaut\u00e9, votre source incontournable pour tout ce qui concerne l&#8217;art de se sublimer !APPOINTMENT Prendre rendez-vousAdresse Av. de la R\u00e9publique, 62950 Noyelles-GodaultT\u00e9l\u00e9phone T\u00e9l : 03 21 49 42 83Horaires Lun- Sam : 9:30 &#8211; 20: 00R\u00e9servations<\/p>\n","protected":false},"author":1,"featured_media":0,"parent":0,"menu_order":0,"comment_status":"closed","ping_status":"closed","template":"","meta":{"_et_pb_use_builder":"on","_et_pb_old_content":"","_et_gb_content_width":"","footnotes":""},"class_list":["post-767","page","type-page","status-publish","hentry"],"yoast_head":"<!-- This site is optimized with the Yoast SEO plugin v27.4 - https:\/\/yoast.com\/product\/yoast-seo-wordpress\/ -->\n<title>BLOG - GIOI\u0100 STUDIO<\/title>\n<meta name=\"robots\" content=\"index, follow, max-snippet:-1, max-image-preview:large, max-video-preview:-1\" \/>\n<link rel=\"canonical\" href=\"https:\/\/gioia-studio.com\/index.php\/767-2\/\" \/>\n<meta property=\"og:locale\" content=\"en_US\" \/>\n<meta property=\"og:type\" content=\"article\" \/>\n<meta property=\"og:title\" content=\"BLOG - GIOI\u0100 STUDIO\" \/>\n<meta property=\"og:description\" content=\"BLOGBLOGExplorez notre blog pour trouver une mine de conseils et de sujets passionnants autour de la beaut\u00e9, votre source incontournable pour tout ce qui concerne l&#039;art de se sublimer !APPOINTMENT Prendre rendez-vousAdresse Av. de la R\u00e9publique, 62950 Noyelles-GodaultT\u00e9l\u00e9phone T\u00e9l : 03 21 49 42 83Horaires Lun- Sam : 9:30 - 20: 00R\u00e9servations\" \/>\n<meta property=\"og:url\" content=\"https:\/\/gioia-studio.com\/index.php\/767-2\/\" \/>\n<meta property=\"og:site_name\" content=\"GIOI\u0100 STUDIO\" \/>\n<meta property=\"article:modified_time\" content=\"2025-07-14T12:27:28+00:00\" \/>\n<meta name=\"twitter:card\" content=\"summary_large_image\" \/>\n<meta name=\"twitter:label1\" content=\"Est. reading time\" \/>\n\t<meta name=\"twitter:data1\" content=\"2 minutes\" \/>\n<script type=\"application\/ld+json\" class=\"yoast-schema-graph\">{\"@context\":\"https:\\\/\\\/schema.org\",\"@graph\":[{\"@type\":\"WebPage\",\"@id\":\"https:\\\/\\\/gioia-studio.com\\\/index.php\\\/767-2\\\/\",\"url\":\"https:\\\/\\\/gioia-studio.com\\\/index.php\\\/767-2\\\/\",\"name\":\"BLOG - GIOI\u0100 STUDIO\",\"isPartOf\":{\"@id\":\"http:\\\/\\\/gioia-studio.com\\\/#website\"},\"datePublished\":\"2023-08-11T14:00:52+00:00\",\"dateModified\":\"2025-07-14T12:27:28+00:00\",\"breadcrumb\":{\"@id\":\"https:\\\/\\\/gioia-studio.com\\\/index.php\\\/767-2\\\/#breadcrumb\"},\"inLanguage\":\"en-US\",\"potentialAction\":[{\"@type\":\"ReadAction\",\"target\":[\"https:\\\/\\\/gioia-studio.com\\\/index.php\\\/767-2\\\/\"]}]},{\"@type\":\"BreadcrumbList\",\"@id\":\"https:\\\/\\\/gioia-studio.com\\\/index.php\\\/767-2\\\/#breadcrumb\",\"itemListElement\":[{\"@type\":\"ListItem\",\"position\":1,\"name\":\"Home\",\"item\":\"https:\\\/\\\/gioia-studio.com\\\/\"},{\"@type\":\"ListItem\",\"position\":2,\"name\":\"BLOG\"}]},{\"@type\":\"WebSite\",\"@id\":\"http:\\\/\\\/gioia-studio.com\\\/#website\",\"url\":\"http:\\\/\\\/gioia-studio.com\\\/\",\"name\":\"GIOI\u0100 STUDIO\",\"description\":\"\",\"potentialAction\":[{\"@type\":\"SearchAction\",\"target\":{\"@type\":\"EntryPoint\",\"urlTemplate\":\"http:\\\/\\\/gioia-studio.com\\\/?s={search_term_string}\"},\"query-input\":{\"@type\":\"PropertyValueSpecification\",\"valueRequired\":true,\"valueName\":\"search_term_string\"}}],\"inLanguage\":\"en-US\"}]}<\/script>\n<!-- \/ Yoast SEO plugin. -->","yoast_head_json":{"title":"BLOG - GIOI\u0100 STUDIO","robots":{"index":"index","follow":"follow","max-snippet":"max-snippet:-1","max-image-preview":"max-image-preview:large","max-video-preview":"max-video-preview:-1"},"canonical":"https:\/\/gioia-studio.com\/index.php\/767-2\/","og_locale":"en_US","og_type":"article","og_title":"BLOG - GIOI\u0100 STUDIO","og_description":"BLOGBLOGExplorez notre blog pour trouver une mine de conseils et de sujets passionnants autour de la beaut\u00e9, votre source incontournable pour tout ce qui concerne l'art de se sublimer !APPOINTMENT Prendre rendez-vousAdresse Av. de la R\u00e9publique, 62950 Noyelles-GodaultT\u00e9l\u00e9phone T\u00e9l : 03 21 49 42 83Horaires Lun- Sam : 9:30 - 20: 00R\u00e9servations","og_url":"https:\/\/gioia-studio.com\/index.php\/767-2\/","og_site_name":"GIOI\u0100 STUDIO","article_modified_time":"2025-07-14T12:27:28+00:00","twitter_card":"summary_large_image","twitter_misc":{"Est. reading time":"2 minutes"},"schema":{"@context":"https:\/\/schema.org","@graph":[{"@type":"WebPage","@id":"https:\/\/gioia-studio.com\/index.php\/767-2\/","url":"https:\/\/gioia-studio.com\/index.php\/767-2\/","name":"BLOG - GIOI\u0100 STUDIO","isPartOf":{"@id":"http:\/\/gioia-studio.com\/#website"},"datePublished":"2023-08-11T14:00:52+00:00","dateModified":"2025-07-14T12:27:28+00:00","breadcrumb":{"@id":"https:\/\/gioia-studio.com\/index.php\/767-2\/#breadcrumb"},"inLanguage":"en-US","potentialAction":[{"@type":"ReadAction","target":["https:\/\/gioia-studio.com\/index.php\/767-2\/"]}]},{"@type":"BreadcrumbList","@id":"https:\/\/gioia-studio.com\/index.php\/767-2\/#breadcrumb","itemListElement":[{"@type":"ListItem","position":1,"name":"Home","item":"https:\/\/gioia-studio.com\/"},{"@type":"ListItem","position":2,"name":"BLOG"}]},{"@type":"WebSite","@id":"http:\/\/gioia-studio.com\/#website","url":"http:\/\/gioia-studio.com\/","name":"GIOI\u0100 STUDIO","description":"","potentialAction":[{"@type":"SearchAction","target":{"@type":"EntryPoint","urlTemplate":"http:\/\/gioia-studio.com\/?s={search_term_string}"},"query-input":{"@type":"PropertyValueSpecification","valueRequired":true,"valueName":"search_term_string"}}],"inLanguage":"en-US"}]}},"_links":{"self":[{"href":"https:\/\/gioia-studio.com\/index.php\/wp-json\/wp\/v2\/pages\/767","targetHints":{"allow":["GET"]}}],"collection":[{"href":"https:\/\/gioia-studio.com\/index.php\/wp-json\/wp\/v2\/pages"}],"about":[{"href":"https:\/\/gioia-studio.com\/index.php\/wp-json\/wp\/v2\/types\/page"}],"author":[{"embeddable":true,"href":"https:\/\/gioia-studio.com\/index.php\/wp-json\/wp\/v2\/users\/1"}],"replies":[{"embeddable":true,"href":"https:\/\/gioia-studio.com\/index.php\/wp-json\/wp\/v2\/comments?post=767"}],"version-history":[{"count":42,"href":"https:\/\/gioia-studio.com\/index.php\/wp-json\/wp\/v2\/pages\/767\/revisions"}],"predecessor-version":[{"id":2989,"href":"https:\/\/gioia-studio.com\/index.php\/wp-json\/wp\/v2\/pages\/767\/revisions\/2989"}],"wp:attachment":[{"href":"https:\/\/gioia-studio.com\/index.php\/wp-json\/wp\/v2\/media?parent=767"}],"curies":[{"name":"wp","href":"https:\/\/api.w.org\/{rel}","templated":true}]}}